e the first derivative of h**4/4 + h**3 + 2*h**2 + 3*h - 1. Give s(r).
-9
Let t(g) be the third derivative of -2*g**2 + 0*g + 0 - 1/8*g**4 + 0*g**3. Give t(-3).
9
Suppose -3*p = p. Suppose 4 = -2*i - p. Let a(j) = -5*j**3 + 7*j**2 - j - 8. Let z(r) = -r**3 + 2*r**2 - 2. Let t(s) = i*a(s) + 9*z(s). Determine t(-3).
1
Let b(y) = -y**2 + 2*y - 7. Let n(c) = -c + 1. Let g(t) = b(t) + 5*n(t). Let r be (1 - 1)*2/4. Let i be 2/(2 + r) - 4. Give g(i).
-2
Let n(z) = 2*z**2 + 7*z. Let w(u) = 3*u**2 + 6*u. Suppose 6 = 3*i - 12. Let d = 4 + -9. Let l(t) = d*n(t) + i*w(t). Give l(1).
9
Let k(c) be the third derivative of c**6/120 - c**5/12 - 5*c**4/24 + c**3/6 - 34*c**2. Determine k(6).
7
Suppose 5*a = -7 - 18. Let m = -7 - -10. Let t(v) = 5*v**2 - v**2 - 5 - 6*v + 0*v + v**m. What is t(a)?
0
Suppose j - 3 = -4. Let z(b) = -3*b - 1. Determine z(j).
2
Let b(d) be the second derivative of -3*d + 1/12*d**4 - 1/2*d**3 - 3/2*d**2 + 0. Calculate b(4).
1
Let p(l) = 3*l - 4. Let n be ((-9)/(-6) + -2)*-4. Let b be n/(-1 - (1 - 4)). Let w be (-4)/(-12)*(b - -8). Determine p(w).
5
Let q(u) = -u**3 + 5*u**2 + 4*u + 8. Let b = 11 - 7. Suppose b*r - 2*g - 4 = 5*r, 9 = 4*r + 3*g. Suppose r = -0*m + m. What is q(m)?
-4
Suppose -12 = 2*w - 38. Suppose 5*f - 7 = w. Let x(r) = r**2 - 9*r + 4. Let t(h) = h**2 - 8*h + 4. Let c(m) = -4*t(m) + 3*x(m). Give c(f).
0
Suppose 2 = 3*k - 1. Let r = -3 + k. Let a(b) = -b**2 - b - 1. Determine a(r).
-3
Let i(y) = y + 1. Let c be i(-5). Let z(b) = b**3 + 3*b**2 - 7*b - 6. Calculate z(c).
6
Let p be (12/(-8) + 3)*4. Let k(d) = -d + 8. What is k(p)?
2
Let z(i) = -i + 1. Let a be z(10). Let b = a + 4. Let p(k) = -k**3 - 4*k**2 + 5*k - 6. What is p(b)?
-6
Let a = -16 - -12. Let m(v) = -v**2 - 3*v - 2. Give m(a).
-6
Let r be (-2)/(-8) - 44/(-16). Let s be 75/(-9) + r/9. Let g = s - -13. Let w(d) = 2*d - 3. Calculate w(g).
7
Let n(s) = 1 - 2*s**3 - 10*s**2 + 8*s**2 + 2*s - 2*s**3. What is n(-2)?
21
Let j(q) be the second derivative of 0*q**4 + 0 + 0*q**3 + 6*q**2 + 1/20*q**5 + q. Calculate j(0).
12
Suppose 4 = -2*s + 4*d, -5 = 2*s + d - 1. Let c(n) = n + 2. Let j be c(0). Let l(q) = 2*q + 2 - j*q + 2*q. Determine l(s).
-2
Let q(j) be the second derivative of 1/6*j**4 + 0 - 1/20*j**5 + 2*j + 5/6*j**3 - 3/2*j**2. What is q(3)?
3
Let n(f) = f**2 - 6*f + 5. Let z be 3 - (-2 - 0) - 3/(-3). Calculate n(z).
5
Let k(a) be the first derivative of -a**6/360 - a**5/120 - a**4/12 - a**3 + 5. Let c(r) be the third derivative of k(r). Calculate c(2).
-8
Let s(g) = g + 2. Let b(j) = j**2 - 2*j + 1. Let p(o) = o - 6. Let n be p(7). Let z be b(n). Let c be (1 + z)*-3 - -1. Calculate s(c).
0
Let n(l) = 56 - 34 - 4*l - 28. Calculate n(-5).
14
Suppose 2*r - 4 = -5*g + 9, 17 = g + 4*r. Let v(x) = 0*x + 0*x + 2*x - 1 + 5*x**3 + 0*x. What is v(g)?
6
Let c = -25 - -27. Suppose 4*y = -2 - c. Let m(p) = p**2 + 2*p. Determine m(y).
-1
Suppose -5*d = -d - 8. Suppose 20 = -d*j - 2*j. Let s(g) = -g**2 - 3*g - 2. What is s(j)?
-12
Let c(b) = b**3 + 5*b**2 - 6*b + 4. Suppose -3*f + 3*a = 9 + 18, -3*a = -4*f - 33. Determine c(f).
4
Let m(n) = -2*n - 7. Let r be m(-4). Let c(q) = q**3 + 2*q + 0 - q - 1. Give c(r).
1
Let g be (-12)/(-30) + (-33)/(-5). Let c(r) = r - 5. Calculate c(g).
2
Let v(o) = -3 + o**3 + 0 - o**2 - 3*o + 2. Suppose 7*s + 20 = 3*s, 4*s = 2*u - 16. What is v(u)?
-7
Let d be (10/(-15))/((-4)/30). Suppose d*c - 3*o = -o - 20, o = -c + 3. Let n(y) = -2*y - 2. Let q(p) = 1. Let k(r) = -n(r) - 4*q(r). Give k(c).
-6
Let w(f) = -4*f + 2. Let p(l) = 8*l - 3. Let t(n) = -3*p(n) - 5*w(n). Give t(1).
-5
Let m(y) = -6*y**3 - 12*y**2 + 8*y - 6. Let k(l) = -2*l**3 - 4*l**2 + 3*l - 2. Let p(d) = 17*k(d) - 6*m(d). Suppose 4*n = -n - 10. Give p(n).
-4
Suppose 2*i - 7*i = 2*d - 31, 17 = 4*i - d. Let w(r) = -1 - 5*r - 2 - r**3 - 7*r**2 + i. Give w(-6).
-4
Let y(p) be the third derivative of p**6/120 - p**5/12 + p**4/8 + p**3/3 + 28*p**2. Determine y(4).
-2
Let l(j) be the first derivative of j**4/4 + j**3 - 3*j**2/2 + j + 5. Determine l(-4).
-3
Let d = -11 - -28. Let r = d + -18. Let i(g) = g**3 + g + 1. Calculate i(r).
-1
Let j(r) = -2*r - 5. Let s(c) = c**3 - 8*c**2 - 8*c + 3. Let d be s(9). Let u be -2 + (d/(-4) - 0). Determine j(u).
5
Let v(z) be the third derivative of z**4/24 - 5*z**3/6 + 2*z**2. Suppose -j - 1 = -6. Let o = 9 - j. Determine v(o).
-1
Suppose 2*c - 11 = -1. Let i(k) = -2*k - k - k - c + 2. Calculate i(-2).
5
Let c(s) = s**2 + 4*s - 4. Let o(p) = -p**3 - 9*p**2 + p + 5. Let n be o(-9). Let z = n - 0. Give c(z).
-4
Suppose -5*m + 7*m = 0. Let c(p) = 7*p**2 - 3*p + 5. Let k(w) = w**3 - 2. Let o be k(0). Let d(y) = 3*y**2 - y + 3. Let q(g) = o*c(g) + 5*d(g). Determine q(m).
5
Let a(p) = -79*p**3 - 2*p + 34*p**3 + 3*p + 37*p**3. Give a(-1).
7
Let t(j) = -j**2 + j + 7. Suppose -21 = -4*f + o, 39 = 5*f - 5*o + 9. Suppose -z - 23 = -f*k, -4*k + 22 = -2*z + 3*z. Determine t(k).
-13
Let w(o) be the third derivative of o**6/720 + o**4/12 + o**2. Let v(c) be the second derivative of w(c). Let m(l) = 2*l + 9. Let g be m(-6). Determine v(g).
-3
Suppose 2*a + 0*d = 2*d + 8, 4*d = -3*a + 5. Let n(u) = -8*u + 2. Calculate n(a).
-22
Let k(z) = z**3 + 2*z**2 + z + 4. Suppose -3 = 3*u + 5*j, u + 5*j = -1 - 10. Suppose -18 = 5*i + 3*s - 6*s, -u*i - 11 = s. Determine k(i).
-8
Let z(b) = -b**2 - b + 1. Let d be z(1). Let j(k) = 6*k**2 - 5*k + 2. Let i(u) = 3*u**2 - 2*u + 1. Let a(r) = -7*i(r) + 3*j(r). Calculate a(d).
-3
Suppose -6 = 5*i - 1. Let b(q) = 2*q**2 - q - 1. Let v be b(i). Suppose -3*t + 4 = -v*t. Let s(k) = k**2 - 3*k - 5. Calculate s(t).
-1
Let o(a) = -2*a - 2. Let z(y) = -y**3 + y**2 + y - 2. Let g be z(0). Let p = 0 - g. Let r be 1/(-2) + 9/p. Determine o(r).
-10
Let z(a) = -a**3 - 5*a**2 - 2*a + 4. Suppose 0*d - 4*d + 8 = -4*k, -5 = 4*k - 5*d. Give z(k).
14
Let j(l) = l**3 + l. Let i = -7 + 8. Suppose 0 = 2*p + 8, p + 4 = -b + i. Determine j(b).
2
Let r(w) = 2*w**3 - 3*w**2 + 3*w. Suppose 0 = 2*j + 2*j. Suppose -3*s + s = j. Suppose -3*i + 1 + 5 = s. Give r(i).
10
Suppose -6*r + 4*r = 4*g + 12, 2*g = 4*r + 4. Let i = 1 + 0. Let b = g - i. Let j(o) = o**2 + 3*o + 4. What is j(b)?
4
Suppose -2*s = 2*s - 8. Let q(u) = -u**s - 6 + 4 + 1 + 3*u. What is q(2)?
1
Let l = -2 - 3. Let k(x) = 5*x + 5. Let h(j) = 6*j + 6. Let p(m) = l*k(m) + 4*h(m). Suppose 2*n - 2*c - 10 = 0, -4*c + 2 = -5*n + 24. Give p(n).
-3
Let j be 145/(-45) - (-2)/9. Let f(z) = 0*z**2 - 2*z**3 + 3*z**3 + 2*z**2 - z + 1. Give f(j).
-5
Let x(b) be the second derivative of -b**5/20 - b**3/6 - 19*b**2/2 + 5*b. Determine x(0).
-19
Let t(i) = i**2 + 7*i. Let k = -93 - -88. Calculate t(k).
-10
Suppose 0 = -p + 79 - 25. Suppose 3*c = -0*c + p. Suppose q - z + 10 = 2*z, -3*q = -3*z + c. Let d(v) = -v**3 - 5*v**2 - 7*v - 5. Give d(q).
7
Let o(f) = f**3 + 4*f**2 + 3*f + 2. Let k(v) = -v**3 - 4*v**2 - 3*v - 3. Let b(w) = -4*k(w) - 3*o(w). Let t = -54 + 50. What is b(t)?
-6
Let j(q) be the second derivative of q**3/6 - 11*q**2/2 + 8*q. Calculate j(8).
-3
Let w(x) = -15*x**2 - 11*x + 5. Let k(l) = 7*l**2 + 5*l - 2. Let t(q) = 7*k(q) + 3*w(q). Suppose 51*s = 39*s - 12. Calculate t(s).
3
Suppose -3*t - 3 = 4*m - 9*m, 0 = -m + 3. Let p(f) = -f**2 + t - 6 - f + 5*f. Determine p(4).
-2
Suppose v + 6*j - 3*j = 8, 2*j + 2 = 3*v. Let u(z) = 22*z - z**2 + 19*z - 43*z + 1. Determine u(v).
-7
Let j(g) be the first derivative of 5 + g - 3/2*g**2. Determine j(2).
-5
Let f(a) = a - 1. Let t be f(3). Let r(o) be the second derivative of -o**5/20 + o**4/12 + o**3/3 - 3*o**2/2 + 4*o. Give r(t).
-3
Let n(p) = -p**2 - p - 3. Let s(v) = v - 1. Let u(g) = n(g) - 2*s(g). Calculate u(-2).
1
Let h(j) = -2*j - 2. Let p be h(-4). Let u(x) = 2 + x - p + 2 - 3. Calculate u(-5).
-10
Suppose -1 = 5*a + 34. Let g(n) = -n**2 - 8*n - 3. Calculate g(a).
4
Let s = 6 + -1. Let g(h) be the second derivative of h**5/20 - 5*h**4/12 - h**3/6 - 6*h. Calculate g(s).
-5
Let s(r) = 18 + r - 28 + 18. Let x(o) = -7*o**2 + 1. Let m be x(1). Calculate s(m).
2
Let x(p) = p**2 + 4*p. Let s be x(-4). Let k(f) = -f - 5*f + 3 + f**2 + s*f. Determine k(4).
-5
Let z be ((-5)/20)/(3/(-12)). Let r(a) = -15*a**3 + 2*a**2 - a. Calculate r(z).
-14
Suppose 0*s - 5*n = -s - 15, -6 = 2*s - 4*n. Let u(i) = 2*i**2 - 6*i - 5. Determine u(s).
15
Let o(s) be the second deriva